{"id":24,"date":"2016-02-24T15:22:29","date_gmt":"2016-02-24T13:22:29","guid":{"rendered":"http:\/\/www.sdi.fi\/_Dev\/wordpress\/?page_id=24"},"modified":"2018-01-29T16:00:08","modified_gmt":"2018-01-29T14:00:08","slug":"myymalahuolto","status":"publish","type":"page","link":"https:\/\/www.sdi.fi\/index.php\/myymalahuolto\/","title":{"rendered":"MYYM\u00c4L\u00c4\/HUOLTO"},"content":{"rendered":"<h2><strong>MYYM\u00c4L\u00c4\/HUOLTO<\/strong><\/h2>\n<p><strong>HENKIL\u00d6KOHTAISTA PALVELUA MATKAPUHELIN- JA TIETOTEKNIIKKA-ASIOISSA\u00a0\u00a0 <\/strong><br \/>\n<strong> HUOLTOA JA HUOLENPITOA KAIKENLAISILLE IT- JA AV-LAITTEILLE<\/strong><!--more--><\/p>\n<p><img decoding=\"async\" loading=\"lazy\" class=\"alignnone size-full wp-image-222\" src=\"https:\/\/www.sdi.fi\/wp-content\/uploads\/2016\/02\/hardware-upg.jpg\" alt=\"hardware upg\" width=\"259\" height=\"194\" \/> <img decoding=\"async\" loading=\"lazy\" class=\"alignnone wp-image-221\" src=\"https:\/\/www.sdi.fi\/wp-content\/uploads\/2016\/02\/viruskuva-300x150.jpg\" alt=\"viruskuva\" width=\"388\" height=\"194\" srcset=\"https:\/\/www.sdi.fi\/wp-content\/uploads\/2016\/02\/viruskuva-300x150.jpg 300w, https:\/\/www.sdi.fi\/wp-content\/uploads\/2016\/02\/viruskuva.jpg 600w\" sizes=\"(max-width: 388px) 100vw, 388px\" \/> <img decoding=\"async\" loading=\"lazy\" class=\"alignnone wp-image-223\" src=\"https:\/\/www.sdi.fi\/wp-content\/uploads\/2016\/02\/sw-install-e1461566488321.jpg\" alt=\"sw install\" width=\"237\" height=\"194\" \/> <img decoding=\"async\" loading=\"lazy\" class=\"alignnone wp-image-236\" src=\"https:\/\/www.sdi.fi\/wp-content\/uploads\/2016\/02\/Lumia-920.jpg\" alt=\"Lumia 920\" width=\"155\" height=\"201\" \/><\/p>\n<p><strong>MATKAPUHELIMET<\/strong><\/p>\n<p>Nokia, Samsung, Apple, LG \u2013 puhelimet ja tarvikkeet<\/p>\n<p><strong>TIETOKONEET<\/strong><\/p>\n<p>Kannettavat, P\u00f6yt\u00e4koneet ja Tabletit &#8211; HP, Acer, Lenovo, Asus yms.<\/p>\n<p><strong>OHEISLAITTET JA OHJELMISTOT<br \/>\n<\/strong><\/p>\n<p>Tulostimet ja tarvikkeet, N\u00e4yt\u00f6t, ADSL-modeemit, Tietokonekomponentit, Wlan, Kaapelit yms.<\/p>\n<p><strong>AV-LAITTEET<\/strong><\/p>\n<p>Projektorit, AV-ohjauslaitteet, projektorien lamppuvaihdot ja puhdistukset yms. esitystekniikka<\/p>\n<p><strong>HUOLTO JA ASENNUKSET<br \/>\n<\/strong><\/p>\n<p>Huollamme matkapuhelimet ja tietokoneet sek\u00e4 asennamme laitteet ohjelmistoineen toimintakuntoon<\/p>\n<p>Huollamme useiden laitevalmistajien laitteet merkkiin ja malliin katsomatta. Jos laitteesi ei toimi oikein, tuo se meille tai ota yhteytt\u00e4.<br \/>\nTutkimme ja teemme vika-analyysin ja korjausarvion\/-ehdotuksen<\/p>\n<p>Huoltomme selvitt\u00e4\u00e4 laiteviat, virusongelmat, nettiyhteyden toimivuuden, wlan-salauksen, oheislaitteiden asennuksen yms. Tarvittaessa tulemme yrityksen tiloihin tai kotiin tekem\u00e4\u00e4n halutut teht\u00e4v\u00e4t.<\/p>\n<p>Asennamme uudet laitteet ja ohjelmistot k\u00e4ytt\u00f6kuntoon ja huolehdimme vanhojen laitteiden p\u00e4ivityksist\u00e4 ja uusien komponenttien asennuksesta<\/p>\n<p>Tulemme tarvittaessa my\u00f6s paikanp\u00e4\u00e4lle tekem\u00e4\u00e4n huollon tai tutkimaan ongelmat<\/p>\n<p>&nbsp;<\/p>\n","protected":false},"excerpt":{"rendered":"<p>MYYM\u00c4L\u00c4\/HUOLTO HENKIL\u00d6KOHTAISTA PALVELUA MATKAPUHELIN- JA TIETOTEKNIIKKA-ASIOISSA\u00a0\u00a0 HUOLTOA JA HUOLENPITOA KAIKENLAISILLE IT- JA AV-LAITTEILLE<\/p>\n","protected":false},"author":1,"featured_media":0,"parent":0,"menu_order":0,"comment_status":"closed","ping_status":"closed","template":"","meta":{"_genesis_hide_title":false,"_genesis_hide_breadcrumbs":false,"_genesis_hide_singular_image":false,"_genesis_hide_footer_widgets":false,"_genesis_custom_body_class":"","_genesis_custom_post_class":"","_genesis_layout":"","footnotes":""},"_links":{"self":[{"href":"https:\/\/www.sdi.fi\/index.php\/wp-json\/wp\/v2\/pages\/24"}],"collection":[{"href":"https:\/\/www.sdi.fi\/index.php\/wp-json\/wp\/v2\/pages"}],"about":[{"href":"https:\/\/www.sdi.fi\/index.php\/wp-json\/wp\/v2\/types\/page"}],"author":[{"embeddable":true,"href":"https:\/\/www.sdi.fi\/index.php\/wp-json\/wp\/v2\/users\/1"}],"replies":[{"embeddable":true,"href":"https:\/\/www.sdi.fi\/index.php\/wp-json\/wp\/v2\/comments?post=24"}],"version-history":[{"count":0,"href":"https:\/\/www.sdi.fi\/index.php\/wp-json\/wp\/v2\/pages\/24\/revisions"}],"wp:attachment":[{"href":"https:\/\/www.sdi.fi\/index.php\/wp-json\/wp\/v2\/media?parent=24"}],"curies":[{"name":"wp","href":"https:\/\/api.w.org\/{rel}","templated":true}]}}